 be -5*(-6 - (-2 + 84/(-30))). Let l(x) = 37*x + 14*x + 47*x - 1. Is l(r) composite?
False
Suppose 31*l = l. Suppose 3*w - 22701 - 7968 = l. Is w prime?
True
Let f(v) = 1760*v**2 - 3*v + 18. Let x(p) = p - 21. Let w be x(17). Let y be f(w). Suppose -9*k + y = 5501. Is k composite?
False
Let k = 0 + 9. Suppose 0 = 5*f + l - 355, 0 = -2*l + 1 + k. Let y = 337 - f. Is y a composite number?
True
Suppose 5*f = 3*f - 70. Let i be 1/(-2)*-7*10/f. Is 251*(-1 + 3 + i) a composite number?
False
Let f be 8/(135/141 - 1). Let s = 358 + f. Suppose 11*z - 1105 = -s. Is z a composite number?
True
Let y(m) = m**3 - 10*m**2 - 66*m - 86. Is y(23) a composite number?
False
Let u(v) = -4*v + 6. Let l(d) = 11*d - 18. Let a(s) = -6*l(s) - 17*u(s). Let r be a(-2). Suppose r*j = -5*w + 667, 3*w + 1321 = 4*j - 0*w. Is j composite?
False
Suppose -18 = -26*j + 17*j. Suppose -5*i = -s - j*i + 2420, 4*i = -4*s + 9712. Is s prime?
False
Is 185203/15 - 632/(-4740) composite?
False
Suppose 345*i - 312*i - 10680854 + 2007827 = 0. Is i a prime number?
True
Suppose 7*h - 3*h + 120 = 0. Let g = 35 + h. Suppose g*a - 285 = f, -4*a - 5*f = -2*f - 228. Is a composite?
True
Let c(w) = 142484*w - 91. Is c(4) composite?
True
Let w(z) = 74*z**2 - 10*z - 5. Suppose -10*b = -b - 27. Is w(b) a prime number?
True
Suppose 15 = -3*g + 4*o, 2*g - 7*g = -5*o + 25. Let f be (g - -6)*737*-1. Let w = -439 - f. Is w a composite number?
True
Let z(j) = 2*j**2 - 45*j + 2. Let o be z(22). Is 6730/o*(-4 + 2) prime?
True
Suppose -4*h = 4*o - 2812900, -1660489 - 1152395 = -4*h - 2*o. Is h prime?
True
Let u be 3/((-18)/(-8)) - 6/(-9). Suppose -9814 = -2*i - 0*y - 4*y, 3*i + u*y = 14721. Is i a prime number?
False
Suppose -r + 63851 = -3*c + 10116, 0 = 3*r - 2*c - 161163. Is r a prime number?
True
Let n be (1 + 1)*52704/(-64). Let c = n + 3388. Is c a prime number?
True
Suppose -3*p = 2*p - 8720. Suppose 4885 = -31*k + 36*k. Let a = p - k. Is a a composite number?
True
Let v be 56*((-20062)/(-196) - 1/(-2)). Suppose -4*k = -0*k - v. Suppose -k = -3*y - 2*j, y + 3*j - 495 = -8. Is y composite?
True
Let d = -2834 - -4485. Let u = d + -336. Is u a composite number?
True
Suppose 5*y + c - 1008212 = 0, 4*y - 12*c - 806578 = -10*c. Is y prime?
False
Suppose 384 = -35*h + 43*h. Let c(k) = -k**3 - 5*k**2 + 5*k - 2. Let l be c(-6). Is 2901*4*l/h a composite number?
False
Let z = 1076 - 476. Let q = z + -337. Is q prime?
True
Suppose 4*x + 36 = -316. Let n = x + 95. Suppose -n*j = j - 59576. Is j a composite number?
True
Suppose 2*j = 5*g - 6*g + 4, 0 = 3*j + 3*g - 12. Suppose j = 2*t - d - 18391, 5*d - 8090 = -t + 1122. Is t composite?
True
Suppose 0 = -9*z + 30*z - z - 18787620. Is z a composite number?
True
Let k(a) = -3 - 58*a + 542*a + 2092*a + 8 + 123*a. Is k(2) prime?
False
Suppose 5*w - 15489 = a, -w + 3335 - 241 = -4*a. Let d = w + -1951. Is d prime?
False
Let z = 186 - 159. Suppose -2*b - 3366 = -4*a, z*a + 5*b - 3387 = 23*a. Is a a prime number?
False
Suppose -4*y - 97 = -3*m + 6*m, -5*m + 5*y = 115. Let l be (-2)/(-9) + 14937/m. Let t = -239 - l. Is t a composite number?
True
Let s(b) = b**3 - 4*b**2 - 6*b + 7. Let p be s(5). Suppose -4*t + 3*o + 8 = 0, 4*o = -p*t + 2*o + 4. Is -3 - (40*-13)/t prime?
True
Let g = 630902 - 267379. Is g prime?
True
Suppose -4*q = -4, -34*g - 2*q = -36*g + 13780. Is g a composite number?
True
Let m = 187 + -170. Suppose -9*p + m*p - 3352 = 0. Is p a prime number?
True
Let i = -2219 - -56613. Is i prime?
False
Let z = -8 + 18. Let a be (z/(-2))/5 - (-2 + 3). Is (a - -414)*(2 - 9/6) prime?
False
Suppose l = 2*p + 6*l - 37607, 1 = l. Let g = 30203 - p. Is g a prime number?
False
Is ((31/(-62))/((-6)/(-4)))/((-5)/1441065) composite?
True
Is (2 - 5/2)*(-15 - 154543) a composite number?
False
Let v = 4415 + 3668. Is v composite?
True
Let p be (-28)/(-10)*(-525)/(-35). Is 6/(-21) - (-2826)/p prime?
True
Suppose 15 = j + 4*d, j + 3*d - 21 + 8 = 0. Suppose 6*v + 5 = j*v. Suppose 4*q = -2*t + 4*t - 510, -v*t = q - 1319. Is t a composite number?
False
Let g(t) = 36888*t - 1489. Is g(12) composite?
True
Suppose 0 = -n + 4, 2*f = f - 3*n + 1442. Suppose -1651*k + 2682 = -1654*k - 5*x, 5*k = 5*x - 4430. Let z = k + f. Is z a composite number?
False
Suppose 2*i = -2*m + 33050, 0 = -5*i + 7*i - 2*m - 33066. Is i prime?
True
Suppose -m = -5*m + 5*a + 582, 139 = m + 2*a. Let j = -15 + m. Suppose j + 667 = 5*v. Is v a prime number?
False
Suppose 116*a - 8703638 - 2739465 = -2101507. Is a composite?
True
Suppose m - 12 = -m. Suppose -3*u + 2 = -n, -m*u + 4*u + 3*n + 6 = 0. Suppose u = -3*p + 2*p + 127. Is p a composite number?
False
Let a(y) = 1050*y + 411. Let h be a(-12). Let b = 22630 + h. Is b a composite number?
True
Let x = 52 - 51. Suppose y = 5*f + 26, 4*y + 12 - x = -3*f. Is (-2 + y)/((-4)/3948*3) a prime number?
False
Suppose y - s = -70 + 680, -5*s = -10. Suppose f + 5797 = 4*c, -3*c + 8*f = 3*f - 4335. Let q = c - y. Is q prime?
False
Let t(b) = 518*b**3 - 6*b**2 + 25*b - 86. Is t(5) a composite number?
True
Let r(j) = -65*j - 4. Let d = 51 - 22. Let h = -32 + d. Is r(h) a composite number?
False
Suppose -50*j = 86*j + 194208. Let g be (-2819)/(-3)*(5 - 2). Let x = j + g. Is x a prime number?
False
Suppose -18698529 = 12*i - 43*i + 7391474. Is i a prime number?
False
Let h(k) = 1730*k**2 - 123*k - 56. Is h(17) composite?
True
Let k(d) = -d**3 - 17*d**2 - d - 23. Let t be k(-17). Let f = t + 16. Suppose -15*s + f*s + 2605 = 0. Is s prime?
True
Let j = 1751 - 452. Suppose -4*l - 5*i = -j, -l + i + 269 + 58 = 0. Is l composite?
True
Suppose 0 = -550*a + 16199894 + 2501637 + 1363019. Is a a composite number?
True
Let i(b) = 197*b**3 + 20*b**2 - 25*b - 27. Is i(8) a composite number?
False
Let k = 2877 - 14. Is k prime?
False
Suppose 10*y = 7*y + 9. Suppose -2*d = n + y*n - 32, -2*d - n = -17. Is ((1 - -76)*6/d)/1 a composite number?
True
Let h(a) = 6277*a + 127. Is h(10) composite?
False
Suppose 0 = 3*h + 4*j - 865172 - 55801, -6753802 = -22*h + 4*j. Is h a prime number?
True
Suppose 0 = -5*d + 7639 - 1299. Let m = 86 + -81. Suppose l - m*l = -d. Is l prime?
True
Let p = 176171 - 33772. Is p a composite number?
True
Let b be (-542)/(-4)*(27 - 169). Let w = b + 33322. Is w a prime number?
True
Let j(w) be the first derivative of 20 + 47/2*w**2 + 10*w. Is j(7) composite?
True
Is (854852/(-22))/((-158)/869) prime?
True
Let j(h) = -h**3 + 3*h**2 - 2. Let c be j(3). Let g(r) be the third derivative of -19*r**6/12 - r**5/15 - 5*r**4/24 - r**3/6 + 13*r**2 - r. Is g(c) prime?
False
Suppose -2*k - 4*f = f - 6, -3*k + 2*f + 28 = 0. Let t be 2*2/k - (-3)/2. Suppose -2*j - 4500 = -t*c, -3561 = -c + 4*j - 1320. Is c a composite number?
True
Let m = -2902 - -2448. Let k be 23310/(-24) - (-1)/4. Let v = m - k. Is v a prime number?
False
Let x(m) = 12*m**2 - 3. Let v be x(3). Let l = -4145 - -3615. Is 7/(v/l)*6/(-4) composite?
False
Let p(z) = 1591*z - 10. Let v be p(2). Let m = -998 - -95. Let b = m + v. Is b composite?
False
Suppose -5*y - 6 = -2*t - 2, 5*t - 10 = 0. Suppose 0*a + 8*a = y. Suppose 17541 = -a*j + 3*j. Is j prime?
False
Is (-21 - -15)*(-20185)/30 composite?
True
Let w(u) = -9*u + 3. Let h be w(5). Let r = -1343 + 1674. Let c = r + h. Is c a prime number?
False
Suppose 6*f = -0*f - 90. Let o = f + 15. Suppose o*n - 470 = -3*k - 2*n, -3*n = -k + 164. Is k a prime number?
False
Suppose 0 = 4*m - 145 + 1. Let f = m - 35. Is f/((-4)/(-4298))*2 prime?
False
Suppose 0 = 4*w + i + 37413, -5*w + 2*i + 0*i = 46763. Let c = -5152 - w. Is c a composite number?
False
Let l(w) = 1769*w - 2. Let j be l(-2). Let d = -6494 - j. Let i = -1419 - d. Is i prime?
False
Let v(g) = -8*g**3 - 7*g**2 - 43*g + 45. Is v(-34) a composite number?
True
Let t(j) = 6469*j - 624. Is t(29) prime?
False
Suppose 2*w = -3*x + 181, -2*w - 187 = -4*w - x. Let f = -63 + w. Suppose -4555 = f*r - 37*r. Is r a composite number?
False
Suppose 2*z - 7631 = -3*l, 3*l + 3828 = z + 2*l. Suppose 3*c - 4*h = -2*h + z, 4*h - 2522 = -2*c. Is c prime?
False
Let p = -863 + 8231. Suppose -8 = 2*j, 5*j = -2*v - 2*v + p. Is v a composite number?
False
Let d(m) = 38*m**3 + 9*m**2 + 10*m - 1. Let y(i) = 40*i**3 + 8*i**2 + 9*i - 1. Let c(a) = 4*d(a) - 5*y(a). Is c(-5) a composite number?
True
Let k(q) = 165*q - 38. Let r be 7/(-4 + 7 + -2